8/225. Suppose -g - 40 = -7*v. Calculate the greatest common factor of 48 and v.
8
Suppose 25*q = 7*q + 462 + 978. What is the greatest common factor of q and 250?
10
Let i = -82 - -159. Let a = 117 - i. What is the greatest common divisor of a and 56?
8
Let g(p) = 165*p - 6569. Let n be g(40). What is the greatest common factor of n and 5859?
31
Suppose -5*v = -2080 + 835. What is the greatest common divisor of v and 14857?
83
Suppose -1033 + 387 = 34*x. Let f be 0 + 2 - (10 + x + -34). What is the highest common divisor of f and 15?
15
Suppose -5 = g - 3, -2*c + 4*g = -246. Let z be c/28 + 3/4. Suppose 0 = 2*r - 0*r - h - 69, -z*r - 2*h = -186. What is the greatest common factor of r and 12?
12
Suppose -2*g + g - 2 = 0. Let l(c) = -5*c**3 - 2*c. Let j be l(g). Let q be (-128)/(19200/(-45)) - (-434)/20. Calculate the greatest common factor of q and j.
22
Let l(y) = 73 + 44*y - 28 - 18*y + 73*y. Let x be l(3). Calculate the highest common factor of 90 and x.
18
Suppose -13*a = 664 + 2339. Let d = a - -401. Let h(c) = -c**3 + 7*c**2 - 2*c - 6. Let j be h(5). Calculate the greatest common factor of j and d.
34
Let j(a) = -a**3 - 4*a**2 - a + 11. Let t be j(-3). What is the greatest common factor of 35 and t?
5
Let z be (9 + -7)*(1 - 43/(-2)). Suppose 5*n - 2*f - 531 = 0, -89 - 127 = -2*n + 2*f. Calculate the highest common factor of z and n.
15
Let j(k) = 104*k**2 + 185*k + 186. Let d be j(-1). Calculate the highest common factor of d and 560.
35
Let w be ((-216)/(-15))/(10/25). Suppose -2*q + 70 = -4*n, 4 + 8 = -4*q. Let r = 46 + n. What is the greatest common divisor of r and w?
9
Suppose -35 = -5*d - 5*h, d + 2*h + 197 - 203 = 0. Calculate the greatest common factor of 116 and d.
4
Let w = -10740 - -10982. Calculate the highest common factor of w and 6413.
121
Let v(h) = h**3 + 62*h**2 + 448*h + 5. Let z be v(-9). Suppose -10 = -2*n - 2*y + 24, -2*y = 5*n - 76. What is the greatest common factor of n and z?
14
Suppose -330 + 354 = 4*r. Suppose -2*g + 162 + r = 0. What is the greatest common factor of g and 112?
28
Let p be (287*(-16)/(-280))/(2/140). What is the greatest common factor of p and 42?
14
Let d be (-326)/(-4) + (-39)/26. Suppose 7*o = 3*o + d. Let f be 6/(-18) - o/(-6). Calculate the greatest common divisor of 4 and f.
1
Let n(u) = 18. Let i(o) = o - 17. Let v(f) = 6*i(f) + 5*n(f). Let t be v(-3). Let b be t/(-4)*32/24. Calculate the highest common factor of b and 25.
5
Let f be 1/((-16770)/(-2395) + 3*42/(-18)). Calculate the greatest common factor of f and 5.
1
Let j = 15 - 14. Let g be (7 - (2 - 0)) + (j - 2). Let p be 1/2*g*8. What is the highest common divisor of p and 144?
16
Suppose -33*q + 3238 + 1217 = 0. Suppose -2*c + 85 = -q. What is the highest common divisor of c and 275?
55
Suppose 0 = -j - 245 + 239. Let w(k) = 8*k**2 + 28*k + 118. Let q be w(j). What is the greatest common factor of q and 34?
34
Let u(s) = 2*s - 16. Let a be u(9). Let f(o) = -4 + o**3 + 72*o - 77*o - 3*o**a + 9. Let x be f(4). What is the highest common factor of x and 11?
1
Let v = -19528 - -21798. What is the highest common factor of v and 190?
10
Let c = -47 + 47. Suppose 7 = -2*o - 4*a + 23, -3*o + 3*a + 60 = c. Calculate the greatest common factor of 2 and o.
2
Suppose -5*q = 3*n - 58 - 10, -3*q + 2*n + 18 = 0. Calculate the greatest common divisor of q and 12010.
10
Suppose a + 11 = 13. Suppose 30 = a*l + 3*l. Suppose -l*b + 78 = 7*b. Calculate the greatest common divisor of 8 and b.
2
Let l = -47 - -64. Suppose -l - 53 = -2*s. Let b(h) = -h**3 - 6*h**2 - 4*h + 10. Let f be b(-5). What is the highest common divisor of s and f?
5
Suppose -39 = -s + 5*p, 3*s - 190 + 25 = -p. Calculate the highest common factor of 450 and s.
18
Let n be 1/3 + (-48)/(-18). Suppose 4*l - 3*u - 42 = 0, -4*u + 24 = 2*l - 8. Calculate the highest common factor of l and n.
3
Suppose -2*i + 66*a - 64*a + 28038 = 0, 5*a - 42129 = -3*i. Calculate the greatest common divisor of i and 84.
84
Let o = 4917 - 4774. Calculate the highest common divisor of o and 55.
11
Suppose 41280 = -187*f + 211*f. Calculate the highest common divisor of 160 and f.
40
Let u(m) = m**2 + 3*m - 18. Let b be u(-6). Suppose 4*w + b*w = 20, -53 = -3*f - w. Let r be (-1 - 59)*(-24)/f. What is the greatest common factor of 20 and r?
10
Let j be 1/(-6) + 7930/60. Let t = 8128 + -8040. Calculate the highest common divisor of j and t.
44
Let g(k) = -9*k - 3. Let l be g(-4). Let y = 36 - l. Suppose 0 = w - y - 9. What is the greatest common factor of 6 and w?
6
Let l = -69 + 78. Let k(i) = 7*i + 10*i**2 + i**2 + l*i + 0*i**3 + 12 + i**3. Let y be k(-9). What is the highest common divisor of y and 15?
15
Suppose -24*p + 19*p + 10 = 0. Suppose -2*b + d - p*d = -166, 90 = b - 3*d. Calculate the highest common divisor of 42 and b.
42
Let r = -8925 + 9067. Calculate the greatest common factor of 7668 and r.
142
Let u = -68 + 0. Let l be (-64)/(-224) + u/(-7). Calculate the highest common factor of 320 and l.
10
Let a(d) be the second derivative of d**5/20 + 7*d**4/4 + 8*d**3/3 + 16*d**2 - 6*d + 2. Let s be a(-20). What is the highest common divisor of 14 and s?
14
Let r be (-10 + 640/56)/((-1)/(-21)). Calculate the greatest common divisor of r and 12630.
30
Let k(j) = -j**3 + 5*j**2 + 12*j + 19. Let d be k(7). Let z be -1 + 2*d/2. Calculate the highest common divisor of 20 and z.
4
Let t be (-1)/((-4)/(-1)) + (-3995)/68. Let x = t - -62. Suppose -x*s - 129 - 2 = -p, -3*p = -s - 417. Calculate the highest common divisor of 20 and p.
20
Suppose 14*y = 72 + 180. Let b(p) = 3*p**2 + 5*p + 48. Let a be b(-6). Calculate the highest common divisor of y and a.
18
Let s = 62 + -32. Let l(h) = -3*h - 12. Let k be l(-4). Suppose k*r + r - 45 = -4*p, 2*r + 54 = 4*p. Calculate the highest common divisor of s and p.
6
Let p(k) = 15*k**2 - 51*k + 3. Let a be p(4). Let q(f) = f**3 + 9*f**2 + 4*f - 6. Let j be q(-8). What is the greatest common divisor of a and j?
13
Let v be (-86)/(-6)*(28 - 10)/6. Suppose -8*x = -v - 29. What is the highest common factor of x and 27?
9
Let c be 0*(-16)/256 - (1 - 1*525). Calculate the highest common factor of 4 and c.
4
Suppose 12*v = -v + 3588. Let n be 7/35*v - (-1)/(-5). What is the highest common factor of 165 and n?
55
Let k be 2533/4 + (-275)/44 + 6. What is the greatest common divisor of 12 and k?
3
Let r = -448 - -445. Let h be ((-5)/r - 2) + 560/42. What is the highest common factor of 117 and h?
13
Let y = -95 + 98. Suppose 6*x - y - 21 = 0. Suppose -5*c + 4*l = -508, 2*c + 308 = 5*c - x*l. Calculate the highest common divisor of 40 and c.
20
Suppose -3*g = -g + p - 809, 1186 = 3*g - 4*p. What is the greatest common factor of 6 and g?
6
Let i(g) = -12*g - 149. Let m be i(-17). Suppose m = 4*j - s - 106, -s = 5. What is the highest common divisor of j and 65?
13
Let a = 7898 + -6861. Calculate the greatest common factor of 17 and a.
17
Suppose 0 = -6*n + 3*n + 6. Suppose 0 = 4*b + 4*i - 1924, -2*i = -3*b + n*i + 1443. Calculate the highest common factor of b and 13.
13
Let j(a) = 5*a - a**3 - 6*a**2 + 8 + 12*a - 28*a. Let r be j(-4). Let c(o) = 51*o**2 + 2*o + 1. Let x be c(-1). What is the highest common factor of r and x?
10
Let g(h) = -12*h - 12. Let c be g(-9). Suppose -120*q + 119*q = -c. What is the highest common divisor of q and 240?
48
Let g(s) = -3*s**3 + 7*s**2 - 3*s - 3. Let z be g(4). Let v be 0 - (-2)/((-10)/z). Calculate the highest common divisor of v and 95.
19
Suppose 0 = -2*d + 18*d - 9088. Let t = d + -490. Calculate the highest common divisor of 624 and t.
78
Let i be 39648/64 + -5 + (-3)/(-2). What is the greatest common factor of 1144 and i?
88
Let t(a) = -7*a + 126. Let i be t(17). Suppose 4*b - 12 = 2*v, i*b - 5*v = 8*b + 8. Calculate the greatest common divisor of b and 3.
1
Let b = 1530 - 1492. What is the highest common divisor of 589 and b?
19
Let h(q) = q**2 - 27*q + 237. Let c be h(19). Calculate the highest common divisor of c and 1870.
85
Let a be 14*(2988/(-16))/(36/24*-1). What is the greatest common divisor of a and 35?
7
Let s = -262 + 302. Let r be (350/42)/(1/24). Calculate the greatest common divisor of s and r.
40
Suppose 9*z = 30*z - 63. Suppose 0 = 3*r - 3*m - 6, -4*r + 10 = z*m - 26. What is the highest common divisor of 18 and r?
6